ctor of 448145662 and 254.
254
Calculate the greatest common factor of 2296 and 17237976.
56
What is the highest common factor of 5429 and 369538?
61
What is the greatest common divisor of 5 and 2924983?
1
Calculate the greatest common factor of 759475 and 325.
25
What is the greatest common divisor of 67186119 and 22?
11
What is the highest common divisor of 2277900 and 675?
225
Calculate the highest common factor of 681 and 138000337.
227
Calculate the greatest common divisor of 861 and 66057642.
861
What is the highest common divisor of 3 and 680203?
1
What is the greatest common divisor of 5426905 and 3747?
1249
What is the greatest common factor of 144894 and 27094?
1178
What is the highest common factor of 745104 and 1968?
48
What is the greatest common factor of 84000 and 1723125?
375
What is the highest common factor of 218 and 14597171?
109
What is the highest common factor of 117 and 601166007?
117
Calculate the highest common factor of 432975 and 299.
23
What is the greatest common factor of 5565864 and 1116?
372
Calculate the greatest common divisor of 21471078 and 174.
174
Calculate the greatest common factor of 318515731 and 31.
31
What is the greatest common divisor of 114298250 and 9340?
4670
What is the highest common divisor of 2601816323 and 17?
17
Calculate the greatest common divisor of 34220 and 4749500.
1180
What is the highest common divisor of 352 and 6197344?
32
What is the greatest common divisor of 86946241 and 194?
97
Calculate the greatest common divisor of 38589 and 106191.
57
What is the greatest common divisor of 948864 and 420000?
672
What is the greatest common factor of 4128410 and 18590?
1430
What is the greatest common factor of 1306 and 90273985?
653
Calculate the highest common divisor of 10795 and 62258575.
635
Calculate the highest common divisor of 15903 and 213182226.
837
Calculate the greatest common divisor of 1160742081 and 2001.
2001
What is the greatest common divisor of 149111 and 1?
1
Calculate the highest common divisor of 2085738 and 435.
87
What is the greatest common factor of 18 and 36706410?
18
What is the highest common divisor of 84698957 and 185?
37
Calculate the greatest common divisor of 90334 and 2591817.
961
Calculate the greatest common factor of 1544136 and 1704.
24
What is the greatest common factor of 1316 and 7338296?
28
Calculate the greatest common factor of 5664 and 30621936.
48
Calculate the greatest common divisor of 4986982 and 32032.
2002
Calculate the highest common divisor of 4399633 and 4403.
259
Calculate the greatest common factor of 8 and 13337268.
4
Calculate the highest common divisor of 700294 and 168.
14
Calculate the highest common factor of 11529554 and 808.
202
What is the highest common divisor of 36083608 and 9344?
584
Calculate the highest common divisor of 62622 and 9081.
9
What is the greatest common factor of 26 and 57418946?
26
What is the highest common divisor of 384328 and 4396?
28
What is the greatest common divisor of 12717 and 12165459?
471
Calculate the highest common divisor of 304769 and 1739.
37
What is the highest common factor of 65 and 71941085?
5
What is the greatest common divisor of 403470144 and 726?
726
What is the highest common factor of 20905299 and 2403?
801
What is the highest common divisor of 390 and 197695758?
78
What is the highest common divisor of 1378115 and 1165?
5
What is the highest common divisor of 7561270 and 6710?
10
What is the highest common factor of 25 and 114430925?
25
What is the greatest common factor of 20967 and 1256092?
241
Calculate the highest common divisor of 2171186864 and 4312.
4312
What is the highest common factor of 1771491 and 876?
219
What is the greatest common factor of 4397481 and 1072764?
4257
Calculate the highest common divisor of 1127675 and 17200.
1075
What is the greatest common divisor of 9928 and 15232?
136
Calculate the greatest common factor of 3810 and 42216705.
1905
Calculate the greatest common factor of 16133 and 1937.
13
Calculate the greatest common divisor of 1217360 and 156.
4
Calculate the greatest common divisor of 20711 and 6459150.
149
What is the greatest common factor of 11584838 and 8?
2
What is the greatest common factor of 927 and 21965986?
103
Calculate the greatest common factor of 6619564 and 8260.
1652
What is the greatest common divisor of 465433538 and 2018?
2018
Calculate the highest common factor of 94064 and 30848.
16
What is the greatest common factor of 372 and 159909067?
31
What is the greatest common factor of 2410 and 309138894?
482
What is the greatest common factor of 5100 and 22775?
25
Calculate the greatest common factor of 19068951 and 1683.
561
What is the greatest common factor of 105421 and 1064973?
47
What is the highest common divisor of 38810747 and 277?
277
Calculate the greatest common factor of 120460 and 7040.
20
What is the highest common divisor of 65118252 and 36?
12
What is the highest common factor of 4728720 and 508740?
3660
What is the greatest common divisor of 446753560 and 360?
40
What is the highest common factor of 667189 and 545?
109
What is the highest common divisor of 19267390 and 30?
10
Calculate the highest common factor of 68412 and 3708.
12
Calculate the highest common factor of 107115 and 555.
555
Calculate the highest common divisor of 168 and 432276888.
24
Calculate the highest common divisor of 845069348 and 844.
844
Calculate the greatest common divisor of 25467 and 139089.
1959
What is the greatest common divisor of 270 and 4796514?
18
Calculate the highest common factor of 26 and 156823186.
26
What is the highest common divisor of 3762 and 20408166?
342
What is the greatest common factor of 368 and 32163016?
184
What is the highest common factor of 199512373 and 2852?
713
What is the greatest common divisor of 936 and 305006?
26
Calculate the greatest common divisor of 44386495 and 67.
67
Calculate the greatest common factor of 7616036 and 38.
38
Calculate the highest common divisor of 135583 and 10045.
49
What is the highest common factor of 704 and 45678688?
352
Calculate the highest common divisor of 46568 and 1688.
8
What is the greatest common divisor of 7704 and 107352?
72
Calculate the greatest common factor of 600 and 14527725.
75
Calculate the greatest common divisor of 21 and 416343.
3
What is the highest common factor of 80553 and 772629?
33
Calculate the greatest common factor of 20065 and 50559787.
4013
What is the greatest common divisor of 182555219 and 33?
11
Calculate the highest common divisor of 492 and 154005717.
123
What is the highest common factor of 65362 and 271986?
22
What is the highest common divisor of 2170 and 19876115?
1085
What is the greatest common factor of 26 and 10524605?
13
Calculate the greatest common factor of 446640 and 45.
15
Calculate the greatest common divisor of 65063406 and 10650.
426
What is the greatest common factor of 147 and 844012113?
147
What is the highest common factor of 3479061 and 6744?
843
What is the highest common divisor of 9 and 1045299?
3
What is the highest common divisor of 51619184 and 8163?
907
What is the greatest common divisor of 10 and 651102530?
10
What is the highest common divisor of 2544608 and 1056?
352
What is the greatest common divisor of 18 and 2300788?
2
Calculate the greatest common factor of 10016070 and 854880.
4110
What is the greatest common factor of 796635 and 2488536?
7587
Calculate the highest common divisor of 113 and 24196238.
113
Calculate the highest common factor of 29814 and 44169.
3
Calculate the greatest common divisor of 425642 and 11.
1
What is the highest common factor of 85528952 and 4100?
164
What is the greatest common divisor of 2435 and 5996431?
487
Calculate the greatest common divisor of 16998902 and 212.
106
What is the greatest common factor of 10028 and 3231040?
92
What is the greatest common divisor of 32475 and 109875?
75
What is the greatest common divisor of 94151688 and 15162?
2166
Calculate the highest common factor of 13964810 and 402.
134
Calculate the greatest common factor of 1021540 and 585.
65
What is the greatest common factor of 6354819 and 954?
9
What is the greatest common divisor of 206336 and 1634048?
3328
What is the highest common factor of 256 and 1981664?
32
What is the